{"id":2127,"date":"2022-06-07T12:29:17","date_gmt":"2022-06-07T10:29:17","guid":{"rendered":"https:\/\/nicktesting.kinsta.cloud\/shopdiko1\/?post_type=product&#038;p=110"},"modified":"2024-11-17T18:25:10","modified_gmt":"2024-11-17T17:25:10","slug":"vixen-on-vacation","status":"publish","type":"product","link":"https:\/\/22halbeisx.bplaced.net\/?product=vixen-on-vacation","title":{"rendered":"Milka Von Herzen Haselnusscreme 110g"},"content":{"rendered":"<div class=\"prod_text_prd_name\">Nuss-Nougat-Cr\u00e8me Pralin\u00e9s<\/div>\n<p>Die herzf\u00f6rmigen Milka Von Herzen Pralinen aus zart schmelzender Milka Alpenmilch Schokolade, gef\u00fcllt mit leckerer Haselnusscr\u00e8me, eignen sich ideal zum Verschenken, als kleine Geste zwischendurch oder auch zum Selbstgenie\u00dfen.<\/p>\n","protected":false},"excerpt":{"rendered":"<ul>\n<li>\n<div class=\"lg:flex justify-between pt-[26px]\">\n<div class=\"w-full lg:w-[56%] pt-20 lg:pt-0\">\n<div class=\"productTable w-full overflow-x-auto overflow-y-hidden\">\n<table class=\"prodTableContainer w-full font-normal text-purple\">\n<thead>\n<tr class=\"[&amp;&gt;th]:text-16 [&amp;&gt;th]:leading-[16px] lg:[&amp;&gt;th]:text-18 lg:[&amp;&gt;th]:leading-[30.6px] [&amp;&gt;th]:text-right lg:[&amp;&gt;th]:tracking-[1.3px] [&amp;&gt;th]:p-0 [&amp;&gt;th]:whitespace-nowrap uppercase\" style=\"border: 0px solid; box-sizing: border-box; --tw-border-spacing-x: 0; --tw-border-spacing-y: 0; --tw-translate-x: 0; --tw-translate-y: 0; --tw-rotate: 0; --tw-skew-x: 0; --tw-skew-y: 0; --tw-scale-x: 1; --tw-scale-y: 1; --tw-scroll-snap-strictness: proximity; --tw-ring-offset-width: 0px; --tw-ring-offset-color: #fff; --tw-ring-color: rgba(59,130,246,.5); --tw-ring-offset-shadow: 0 0 #0000; --tw-ring-shadow: 0 0 #0000; --tw-shadow: 0 0 #0000; --tw-shadow-colored: 0 0 #0000; text-transform: uppercase;\">\n<th>N\u00c4HRWERTE<\/th>\n<th><\/th>\n<th><\/th>\n<\/tr>\n<\/thead>\n<tbody class=\"productTableData\">\n<tr>\n<td>Energie (Brennwert)<\/td>\n<td>\n<div class=\"ntable_html\">502 kJ \/<br \/>\n120 kcal<\/div>\n<\/td>\n<\/tr>\n<tr>\n<td>Proteine<\/td>\n<td>1,1g<\/td>\n<\/tr>\n<tr>\n<td>Kohlenhydrate<\/td>\n<td>13,0g<\/td>\n<\/tr>\n<tr>\n<td>Fett<\/td>\n<td>7,2g<\/td>\n<\/tr>\n<tr>\n<td>davon Zucker<\/td>\n<td>12,0g<\/td>\n<\/tr>\n<tr>\n<td>Ballaststoffe<\/td>\n<td>0,4g<\/td>\n<\/tr>\n<tr>\n<td>Natrium<\/td>\n<td>0,08g<\/td>\n<\/tr>\n<tr>\n<td>davon ges\u00e4ttigte Fetts\u00e4uren<\/td>\n<td>3,9g<\/td>\n<\/tr>\n<\/tbody>\n<\/table>\n<\/div>\n<\/div>\n<\/div>\n<\/li>\n<\/ul>\n","protected":false},"featured_media":2270,"comment_status":"open","ping_status":"closed","template":"","meta":[],"product_brand":[],"product_cat":[68],"product_tag":[41,48,54],"class_list":{"0":"post-2127","1":"product","2":"type-product","3":"status-publish","4":"has-post-thumbnail","6":"product_cat-pralinen","7":"product_tag-opepiece","8":"product_tag-summer","9":"product_tag-tropical","11":"first","12":"instock","13":"shipping-taxable","14":"purchasable","15":"product-type-simple"},"_links":{"self":[{"href":"https:\/\/22halbeisx.bplaced.net\/index.php?rest_route=\/wp\/v2\/product\/2127","targetHints":{"allow":["GET"]}}],"collection":[{"href":"https:\/\/22halbeisx.bplaced.net\/index.php?rest_route=\/wp\/v2\/product"}],"about":[{"href":"https:\/\/22halbeisx.bplaced.net\/index.php?rest_route=\/wp\/v2\/types\/product"}],"replies":[{"embeddable":true,"href":"https:\/\/22halbeisx.bplaced.net\/index.php?rest_route=%2Fwp%2Fv2%2Fcomments&post=2127"}],"wp:featuredmedia":[{"embeddable":true,"href":"https:\/\/22halbeisx.bplaced.net\/index.php?rest_route=\/wp\/v2\/media\/2270"}],"wp:attachment":[{"href":"https:\/\/22halbeisx.bplaced.net\/index.php?rest_route=%2Fwp%2Fv2%2Fmedia&parent=2127"}],"wp:term":[{"taxonomy":"product_brand","embeddable":true,"href":"https:\/\/22halbeisx.bplaced.net\/index.php?rest_route=%2Fwp%2Fv2%2Fproduct_brand&post=2127"},{"taxonomy":"product_cat","embeddable":true,"href":"https:\/\/22halbeisx.bplaced.net\/index.php?rest_route=%2Fwp%2Fv2%2Fproduct_cat&post=2127"},{"taxonomy":"product_tag","embeddable":true,"href":"https:\/\/22halbeisx.bplaced.net\/index.php?rest_route=%2Fwp%2Fv2%2Fproduct_tag&post=2127"}],"curies":[{"name":"wp","href":"https:\/\/api.w.org\/{rel}","templated":true}]}}