{"id":2292,"date":"2024-11-18T15:28:01","date_gmt":"2024-11-18T14:28:01","guid":{"rendered":"https:\/\/22halbeisx.bplaced.net\/?post_type=product&#038;p=2292"},"modified":"2024-11-18T15:28:01","modified_gmt":"2024-11-18T14:28:01","slug":"milka-mmmax-nussini-270g","status":"publish","type":"product","link":"https:\/\/22halbeisx.bplaced.net\/?product=milka-mmmax-nussini-270g","title":{"rendered":"Milka Mmmax Nussini 270g"},"content":{"rendered":"<p>Knusprig, cremig, nussig &#8211; erlebe das einzigartige Geschmackserlebnis, wenn zartschmelzende Milka Alpenmilch Schokolade auf den beliebten Milka Nussini Riegel trifft. Milka Mmmax Nussini ist gef\u00fcllt mit feiner Haselnusscreme, crunchy N\u00fcssen und einer knusprigen Waffel-Schicht. Schicht f\u00fcr Schicht vollgepackt mit Geschmack &#8211; perfekt um deinen Abend zu mmmaximieren.<\/p>\n","protected":false},"excerpt":{"rendered":"<table class=\"prodTableContainer w-full font-normal text-purple\">\n<thead>\n<tr class=\"[&amp;&gt;th]:text-16 [&amp;&gt;th]:leading-[16px] lg:[&amp;&gt;th]:text-18 lg:[&amp;&gt;th]:leading-[30.6px] [&amp;&gt;th]:text-right lg:[&amp;&gt;th]:tracking-[1.3px] [&amp;&gt;th]:p-0 [&amp;&gt;th]:whitespace-nowrap uppercase\" style=\"border: 0px solid; box-sizing: border-box; --tw-border-spacing-x: 0; --tw-border-spacing-y: 0; --tw-translate-x: 0; --tw-translate-y: 0; --tw-rotate: 0; --tw-skew-x: 0; --tw-skew-y: 0; --tw-scale-x: 1; --tw-scale-y: 1; --tw-scroll-snap-strictness: proximity; --tw-ring-offset-width: 0px; --tw-ring-offset-color: #fff; --tw-ring-color: rgba(59,130,246,.5); --tw-ring-offset-shadow: 0 0 #0000; --tw-ring-shadow: 0 0 #0000; --tw-shadow: 0 0 #0000; --tw-shadow-colored: 0 0 #0000; text-transform: uppercase;\">\n<th>N\u00c4HRWERTE<\/th>\n<th><\/th>\n<\/tr>\n<\/thead>\n<tbody class=\"productTableData\">\n<tr>\n<td>Energie (Brennwert)<\/td>\n<td>\n<div class=\"ntable_html\">2302 kJ \/<br \/>\n552 kcal<\/div>\n<\/td>\n<\/tr>\n<tr>\n<td>Proteine<\/td>\n<td>5,4g<\/td>\n<\/tr>\n<tr>\n<td>Kohlenhydrate<\/td>\n<td>56,0g<\/td>\n<\/tr>\n<tr>\n<td>Fett<\/td>\n<td>33,0g<\/td>\n<\/tr>\n<tr>\n<td>davon Zucker<\/td>\n<td>52,0g<\/td>\n<\/tr>\n<tr>\n<td>Ballaststoffe<\/td>\n<td>2,1g<\/td>\n<\/tr>\n<tr>\n<td>Natrium<\/td>\n<td>0,25g<\/td>\n<\/tr>\n<tr>\n<td>davon ges\u00e4ttigte Fetts\u00e4uren<\/td>\n<td>18,0g<\/td>\n<\/tr>\n<\/tbody>\n<\/table>\n","protected":false},"featured_media":2293,"comment_status":"open","ping_status":"closed","template":"","meta":[],"product_brand":[],"product_cat":[70,67],"product_tag":[],"class_list":{"0":"post-2292","1":"product","2":"type-product","3":"status-publish","4":"has-post-thumbnail","6":"product_cat-mmmax","7":"product_cat-tafeln","9":"first","10":"instock","11":"shipping-taxable","12":"purchasable","13":"product-type-simple"},"_links":{"self":[{"href":"https:\/\/22halbeisx.bplaced.net\/index.php?rest_route=\/wp\/v2\/product\/2292","targetHints":{"allow":["GET"]}}],"collection":[{"href":"https:\/\/22halbeisx.bplaced.net\/index.php?rest_route=\/wp\/v2\/product"}],"about":[{"href":"https:\/\/22halbeisx.bplaced.net\/index.php?rest_route=\/wp\/v2\/types\/product"}],"replies":[{"embeddable":true,"href":"https:\/\/22halbeisx.bplaced.net\/index.php?rest_route=%2Fwp%2Fv2%2Fcomments&post=2292"}],"wp:featuredmedia":[{"embeddable":true,"href":"https:\/\/22halbeisx.bplaced.net\/index.php?rest_route=\/wp\/v2\/media\/2293"}],"wp:attachment":[{"href":"https:\/\/22halbeisx.bplaced.net\/index.php?rest_route=%2Fwp%2Fv2%2Fmedia&parent=2292"}],"wp:term":[{"taxonomy":"product_brand","embeddable":true,"href":"https:\/\/22halbeisx.bplaced.net\/index.php?rest_route=%2Fwp%2Fv2%2Fproduct_brand&post=2292"},{"taxonomy":"product_cat","embeddable":true,"href":"https:\/\/22halbeisx.bplaced.net\/index.php?rest_route=%2Fwp%2Fv2%2Fproduct_cat&post=2292"},{"taxonomy":"product_tag","embeddable":true,"href":"https:\/\/22halbeisx.bplaced.net\/index.php?rest_route=%2Fwp%2Fv2%2Fproduct_tag&post=2292"}],"curies":[{"name":"wp","href":"https:\/\/api.w.org\/{rel}","templated":true}]}}